 o(-2). Let c be (30/(-24))/(j/(-8)). Suppose -c*z = -12*z + 105. What is the units digit of z?
5
Suppose 134*t - 122*t - 262248 = 0. What is the hundreds digit of t?
8
Let z be 57/19 - (-1)/(2/(-44)). Let a = 17 - z. Let n = a + 50. What is the units digit of n?
6
Let v(l) = 138*l - 66. Let y be v(17). Suppose -2*s - y = -5*s. What is the hundreds digit of s?
7
Let k = 11039 - -2529. What is the thousands digit of k?
3
Let y(f) = -8*f**2 - 11*f - 8. Let p(q) = 7*q**2 + 9*q + 9. Let x(u) = 6*p(u) + 5*y(u). What is the tens digit of x(-6)?
9
Suppose -4*z = 4*r - 34524, -5*r = 267*z - 263*z - 43161. What is the units digit of r?
7
Suppose -3*b + 5*f - 5973 + 234898 = 0, -5*b - 5*f = -381475. What is the hundreds digit of b?
3
Let l be -1*2/(-8)*0. Let z be (-1 - -5) + l*5/10. Suppose -4*v = -2*v - z*p - 16, 3*v - 24 = -4*p. What is the units digit of v?
8
Let t(d) = 16*d**2 - 4*d - 1. Suppose -4*j + 8 = 0, 0 = -o + 3*j - 2 + 3. What is the units digit of t(o)?
5
Let d(u) = 2*u**2 + 7*u + 183. Let j(f) = f**2 + 6*f + 186. Let a(k) = -2*d(k) + 3*j(k). What is the units digit of a(0)?
2
Let d(z) = z**3 - 13*z**2 + 14*z - 20. Let v = 90 - 78. Let n be d(v). Let w(f) = 47*f - 42. What is the tens digit of w(n)?
4
What is the hundreds digit of ((-7)/392*-7994)/(2/88)?
2
Suppose 68*f - 1402200 = 34*f - 16*f. What is the hundreds digit of f?
0
Suppose -13*f - g = -10*f - 73121, 2*f = 8*g + 48808. What is the hundreds digit of f?
3
Let b be 37 - (8 + -7 + 6). Let v be (-1)/2*19*2. Let a = b + v. What is the tens digit of a?
1
Let i = -4778 - -10461. What is the hundreds digit of i?
6
Suppose 16 - 4 = 2*s. Let t = 170 - 167. Suppose -t*q - 330 = -s*q. What is the tens digit of q?
1
Let s(k) = 2*k**3 - k**2 - 9*k + 8. Suppose 31*d = 33*d - 8. What is the tens digit of s(d)?
8
Suppose z + 3*z - 2160 = 0. Let x be (-24)/96 + (-84)/(-16). Suppose -x*j + 4*r = -675, j - z = -3*j + 2*r. What is the hundreds digit of j?
1
Let h(m) = -129 - 34*m + 237 + 209 + 228. What is the tens digit of h(0)?
4
What is the tens digit of (2 + (-1)/((-12)/(-8)))*(-71178)/(-8)?
6
Let l(i) = 2*i**2 + i - 2. Let b be l(-2). Let k be (-1 + 3/b)*-12. Suppose k*m = 3*x - 621, -7*m + 3*m = x - 202. What is the hundreds digit of x?
2
Suppose -1417414 = -220*f + 7942706. What is the hundreds digit of f?
5
Let n(t) = -1 - 14*t + 0 - 3*t. Let x(a) = -a**2 + 33*a + 1. Let z(v) = -9*n(v) - 4*x(v). What is the tens digit of z(-9)?
4
Let l = -10044 - -16366. What is the tens digit of l?
2
Let x(h) = -2*h**3 - 4*h**2 + 9*h + 3. Let c be x(-6). Suppose 2*l = -5*z + 511, -l + 19 = 2*z - c. Suppose 2*f + 32 = l. What is the tens digit of f?
1
Let f(k) = -k**3 + k**2 - k + 5. Let n be f(0). Suppose -n*u + 1000 = 5*x, -2*x = 3*u + 2*u - 385. Suppose -14*m + 9*m + x = 0. What is the tens digit of m?
4
Let r = 60 + -14. Let i = 48 - r. Suppose 2*b - f = 7, 5*b + i*f - 16 = 5*f. What is the units digit of b?
5
Let a = 3904 - 3579. What is the hundreds digit of a?
3
Let h be (5/2)/(27/54). Suppose -h*y - 895 = -3*z, y + 61 + 814 = 3*z. What is the hundreds digit of z?
2
Suppose 4*v = 2*y - 1562, -2*y + 1564 = -20*v + 18*v. Suppose -c = -y - 54. What is the hundreds digit of c?
8
What is the hundreds digit of 4/26 + (-2 - -5 - 35646304/(-2249))?
8
Let m = -430 + 1397. Let h = 1664 - m. What is the hundreds digit of h?
6
Let r(l) = 62*l**2 + 159*l - 1334. What is the tens digit of r(8)?
0
Suppose 0 = 204*c - 217*c + 42042. What is the thousands digit of c?
3
Suppose -16*t + 471675 = 6*t - 3*t. What is the tens digit of t?
2
Let m = 52451 + -29910. What is the ten thousands digit of m?
2
Suppose 7160 = -535*w + 539*w + 2*j, 0 = -2*w - 5*j + 3564. What is the units digit of w?
2
Let y be 0/2 + (-13370)/(-5). Suppose -3*b + 1345 = -3*z + 4*z, 2*z + 2*b - y = 0. Suppose -10*i = -1137 - z. What is the hundreds digit of i?
2
Suppose -252 - 504 = -36*x. What is the units digit of 59 + x + (-1 - 3)?
6
Let c = 74 - 75. Let q(z) = z**2 - z - 3. Let i be q(c). What is the units digit of 0 + (0 - i) + (230 - -14)?
5
What is the units digit of 4336/12 + 490/(-147)?
8
Let l = 2636 - 1647. Suppose 4*q + 48 - 1385 = -3*p, l = 3*q + 5*p. What is the tens digit of q?
3
What is the hundreds digit of 72/14*906108/603?
7
Suppose 60 = 4*n + 5*z - 78, 0 = -2*n + z + 76. Suppose n*m = 45*m - 3064. What is the hundreds digit of m?
3
Let k = 3233 + -1993. What is the thousands digit of k?
1
Let d be 13971*(0 - (30/(-9))/10). Suppose -d = -8*i + 6199. What is the thousands digit of i?
1
Let b(p) = 1881*p**2 + 759*p + 3800. What is the thousands digit of b(-5)?
7
Suppose m - 54 = -26*m. Suppose 3*g = 5*r - 1252, 4*r - 3*g - 508 = m*r. What is the hundreds digit of r?
2
What is the units digit of (-186 + -10)*-25 + -11?
9
Suppose -636 = -4*a + a. Let i be 10/25 - (-7 - 18733/55). Let t = i - a. What is the units digit of t?
6
Let r = 14870 - -17934. What is the hundreds digit of r?
8
Suppose 19*a - 2140 + 7631 = 0. Let j(v) = 72*v - 8. Let s be j(7). Let r = a + s. What is the units digit of r?
7
Let p be 5/(-40) + 4/32. Suppose p = 5*u - 5*q - 2515, -q = 2*u - 300 - 709. What is the tens digit of u?
0
Let f(b) = -b**3 + 109*b**2 + 211*b + 1121. What is the units digit of f(104)?
5
Let s(c) = -95*c - 42. Let g = 234 + -240. What is the units digit of s(g)?
8
Suppose -104*s - 276598 = -3152428 + 325126. What is the hundreds digit of s?
5
Let g(w) = 100*w - 6. Let y be g(1). What is the tens digit of 38/(-8)*(y/(-2) + -5)?
4
Let r be -49 + 48 + (2/2 - -2). Let j(w) = 348*w**2 + 12*w - 31. What is the thousands digit of j(r)?
1
Let t = 143808 + -84168. What is the tens digit of t?
4
Let g = -116 + 220. Suppose 3*y - 859 + g = 5*i, 3*y - 765 = 3*i. Suppose -y = -3*l - 65. What is the tens digit of l?
6
Suppose 13*i + 38553 - 7867 = 694726. What is the tens digit of i?
8
Suppose -5844 + 1497 = -23*g. Let h = 388 + g. What is the tens digit of h?
7
Let h = 30 - 40. Let o be (-3)/(45/h)*3. Suppose 0 = 2*m + 4*d - 128, 4*m + 3*d - 268 = -o*d. What is the units digit of m?
2
Let f(h) = 65*h**2 - 16*h - 13. What is the thousands digit of f(12)?
9
Let l be 1/((-345)/(-344) + -1). Let k = 14626 + -14868. Let i = l + k. What is the units digit of i?
2
Let r(s) = 58*s**3 + 10*s**2 - 31*s + 111. What is the units digit of r(7)?
8
Let a = 267 + -262. Suppose -2906 = -a*u - 1606. What is the hundreds digit of u?
2
Suppose -328*n - 1101 = -331*n. Let v = 443 - n. What is the units digit of v?
6
Let c = -24 - -24. Suppose c = -f - 0*f + 17. Let p(v) = v - 11. What is the units digit of p(f)?
6
Let s(i) = i**2 - 7*i + 13. Let b be s(4). Suppose -5*f = -3*v - 871, -3 = v - b. What is the hundreds digit of f?
1
What is the tens digit of ((-11466)/4)/(10140/728 + (-18 - -4))?
3
Let t = -3071 - -15422. Suppose 10*m - t = -2511. What is the tens digit of m?
8
Let w be (-6)/18 + 14/6. Suppose -3*p + 9 = -l + 6*l, 3*p = -w*l + 9. Let f(y) = 21*y - 5. What is the tens digit of f(p)?
5
What is the tens digit of (-45)/(765/(-44608)) - (-1 - (1 + -1))?
2
Suppose 13*h = -9785 - 8805. What is the tens digit of -3 + 5 + (-14 - h)?
1
Suppose 0 = 13*v + 7*v - 20. What is the tens digit of (-296)/74 - v/(2/(-148))?
7
Suppose 0*w + 5*x + 1085 = -2*w, -4*w + x = 2137. Let p be (w + 1)/((7/(-1))/7). Let b = p + -294. What is the tens digit of b?
4
Let x = 2485 + 1166. Suppose 0 = 12*j - x - 8613. What is the units digit of j?
2
Suppose 0 = v + p - 49173, -2*v - 35724 = 3*p - 134073. What is the units digit of v?
0
Suppose 5*k = k. Suppose k = 4*h - 88 - 60. Suppose 65 = 6*z - h. What is the units digit of z?
7
Suppose -6 = -2*i + 3*c, -5*i + 0*c = -c - 2. Suppose 0 = -5*t - 2*z + 9, i*z = -5*t + 5*z + 30. Suppose b = t + 82. What is the units digit of b?
5
Let y be ((-1260)/336)/((-6)/16 - 0). What is the tens digit of (1030/50)/((-19)/y - -2)?
0
Let z(l) = 13264*l**2 - 331*l - 332. What is the hundreds digit of z(-1)?
2
Let x = 84 + -18. Let l = x - -15. Let q = 167 - l. What is the units digit of q?
6
Let l(y) = 1369*y + 685. What is the units digit of l(5)?
0
Suppose 108 = -18*l - 0. Let o(k) be the second derivative of k**4/4 + k**3/2 - k**2/2 - k. What is the units digit of o(l)?
9
Let p be 4*29*36/(-18). What is the units digit of p/(-10)*(-5 + 85/2)?
0
Let x = 